17. What is x(-91)?
-3399
Let v(b) = 33*b**3 + 47771*b**2 + 28936*b - 5786. Give v(-1447).
2
Let g(d) = -64*d**3 + 7*d**2 + 54*d - 188. Calculate g(3).
-1691
Let t(z) = -32818*z - 951720. What is t(-29)?
2
Let w(c) = -2*c**3 + 3792*c**2 - 7491*c - 193. What is w(2)?
-23
Let a(s) = -s**2 - 948*s + 30223. What is a(31)?
-126
Let s(o) = 3593*o + 14345. Give s(-4).
-27
Let h(f) = 14*f**2 + 622*f - 197. Give h(-45).
163
Let i(b) = b**3 + 38*b**2 + 28*b + 1198. Give i(-38).
134
Let q(v) = -1289*v + 28360. Determine q(22).
2
Let s(k) = 15*k**3 + 496*k**2 + 42*k + 316. Give s(-33).
19
Let f(j) = -26*j**2 + 424*j + 377. Determine f(18).
-415
Let k(g) = -162*g**3 + 1131*g**2 + 7*g + 102. What is k(7)?
4
Let o(b) = -132*b**2 - 79*b - 162. Determine o(-2).
-532
Let q(r) = r**3 - 325*r**2 - 5466*r - 164. What is q(-16)?
-4
Let b(w) = -6562*w - 156092. Give b(-24).
1396
Let h(y) = -y**3 + 37*y**2 + 23024*y - 764141. What is h(33)?
7
Let n(h) = 264*h - 22594. Give n(81).
-1210
Let b(x) = 10*x**2 + 1996*x + 7973. Give b(-4).
149
Let z(g) = -g**3 + 40*g**2 + 106*g - 936. What is z(41)?
1729
Let c(w) = 2962*w - 1635021. Calculate c(552).
3
Let n(j) = 36*j**2 + 357*j + 722. Determine n(-7).
-13
Let b(f) = -4*f**2 - 198*f - 807. Determine b(-45).
3
Let h(o) = -o**3 + 117*o**2 - 2026*o - 6110. Give h(95).
-30
Let v(g) = 60*g**2 + 1832*g - 2998. Give v(-32).
-182
Let y(f) = 45*f**2 - 491*f - 978. Calculate y(-2).
184
Let k(n) = -89*n + 4789. Give k(68).
-1263
Let h(b) = 3*b**2 - 22*b - 7646. Calculate h(60).
1834
Let m(v) = -v**3 + 82*v**2 + 225*v - 361. Give m(85).
-2911
Let g(b) = -2*b**3 - 26*b**2 - 56*b - 486. What is g(-13)?
242
Let g(o) = 12*o**3 + 288*o**2 - 348*o - 1192. Give g(-25).
8
Let b(s) = -19089*s + 171785. What is b(9)?
-16
Let b(t) = 2*t**3 - 138*t**2 - 398*t - 2431. What is b(72)?
17
Let l(h) = 11*h**2 - 426*h - 3554. Give l(-8).
558
Let s(k) = 37*k - 231. Determine s(6).
-9
Let a(i) = -11717*i**2 - 46899*i - 116. What is a(-4)?
8
Let r(q) = 46*q**2 - 466*q - 69. Determine r(9).
-537
Let x(u) = -2*u**2 + 247893*u + 495794. What is x(-2)?
0
Let b(x) = -x**3 + 120*x**2 + 112*x + 306. Give b(121).
-783
Let o(j) = 4*j**3 - 64*j**2 + 207*j + 57. Determine o(4).
117
Let a(c) = c**2 + 1545*c - 310451. Give a(180).
49
Let n(j) = -6726*j - 840755. What is n(-125)?
-5
Let w(g) = -30721*g - 491447. Calculate w(-16).
89
Let x(d) = d**3 + 131*d**2 - 558*d - 476. Determine x(-135).
1954
Let f(v) = 2205*v**2 + 3812*v + 3813. Give f(-1).
2206
Let a(u) = -108*u**2 + 4017*u + 3311. Give a(38).
5
Let m(d) = -8484*d - 865376. Give m(-102).
-8
Let s(q) = -336369*q + 2018216. Give s(6).
2
Let k(a) = 120*a - 6884. Calculate k(59).
196
Let p(g) = -5483*g - 361901. Determine p(-66).
-23
Let y(g) = -g**3 - 51*g**2 + 30*g + 2011. What is y(-51)?
481
Let r(s) = 2*s**2 - 4996*s - 65231. What is r(-13)?
55
Let y(q) = 53*q**3 + 1225*q**2 + 141*q + 95. What is y(-23)?
26
Let b(g) = -g**3 + 46*g**2 + 114*g - 299. Determine b(49).
-1916
Let j(l) = -2*l**2 + 2463*l - 254. Give j(0).
-254
Let s(f) = -3*f**2 - 987*f - 78994. Calculate s(-135).
-424
Let g(q) = 121*q**2 - 824*q - 138. Give g(7).
23
Let d(c) = c**2 + 471*c + 14853. Calculate d(-34).
-5
Let t(u) = 20*u**2 + 21*u + 115. Determine t(8).
1563
Let l(c) = 5*c**3 - 186*c**2 - 151*c - 28. What is l(38)?
10
Let d(z) = -13*z**2 - 1242*z - 719. Calculate d(-97).
-2562
Let p(b) = -3*b**3 - 53*b**2 + 144*b - 47. Give p(-20).
-127
Let u(w) = 133*w + 18550. What is u(-139)?
63
Let y(k) = -56*k**2 + 296*k - 1176. What is y(4)?
-888
Let r(n) = 70*n + 315. Calculate r(-6).
-105
Let w(z) = 17*z**2 - 198*z - 26. What is w(12)?
46
Let u(w) = -47623*w + 1047698. What is u(22)?
-8
Let n(k) = 3*k**3 + 131*k**2 + 307*k + 9544. What is n(-43)?
41
Let s(x) = -207*x**2 - 234123*x - 6787. Give s(-1131).
-1
Let u(p) = p**3 + 12*p**2 - 40*p - 455. Determine u(-13).
-104
Let t(q) = -3*q**2 - 215*q + 5574. Give t(21).
-264
Let t(g) = -299854*g - 1799109. Give t(-6).
15
Let u(s) = -s**3 - 24*s**2 - 10*s + 935. Calculate u(-24).
1175
Let m(b) = -b**3 - 11*b**2 - 94*b - 203. Determine m(-3).
7
Let v(c) = -c**3 + 147*c**2 - 2983*c - 41513. What is v(119)?
18
Let o(d) = 10519*d**2 + 21004*d - 28. Give o(-2).
40
Let d(j) = 228574*j + 9828677. Calculate d(-43).
-5
Let k(m) = -137*m - 4025. Give k(-21).
-1148
Let g(k) = k**3 + 85*k**2 + 827*k + 85. What is g(-11)?
-58
Let z(k) = k**2 - 103*k - 17891. Give z(179).
-4287
Let p(j) = 3*j**3 + 55*j**2 + 25*j + 23. Calculate p(-19).
-1174
Let w(s) = -s**3 - 1052*s**2 - 7348*s - 34524. What is w(-1045)?
-39
Let k(h) = -h**2 + 78*h - 991. What is k(56)?
241
Let l(s) = -s**3 + 31*s**2 + 520*s + 115. What is l(-12)?
67
Let l(k) = -335026*k + 3015130. Determine l(9).
-104
Let z(c) = 3*c**2 + 1229*c + 798. Give z(-409).
-20
Let g(v) = -63344*v - 8361398. Give g(-132).
10
Let k(x) = -x**3 + 27*x**2 + 1528*x - 312. Calculate k(-28).
24
Let h(v) = -664*v + 295. Determine h(2).
-1033
Let l(w) = w**3 + 34*w**2 + 210*w + 1417. What is l(-27)?
850
Let y(q) = 219984*q - 1099913. What is y(5)?
7
Let i(f) = f**2 + 1510*f - 43062. Give i(28).
2
Let n(t) = t**3 - 134*t**2 - 280*t + 2937. Give n(136).
1849
Let j(x) = 2153739*x - 23691132. Determine j(11).
-3
Let a(y) = -y**3 - 14*y**2 + 41*y + 299. Give a(-10).
-511
Let w(x) = x**3 + 79*x**2 - 86*x - 6523. Give w(-79).
271
Let z(g) = 3*g**3 + 71*g**2 + 231*g - 693. Determine z(-19).
-28
Let b(m) = -m**3 - 33*m**2 + 477*m + 2025. Give b(-43).
4
Let p(q) = 3*q**2 - 103*q - 2426. What is p(-16)?
-10
Let u(f) = 1306*f**2 + 378*f + 379. Give u(-1).
1307
Let c(d) = 1729*d + 48418. Calculate c(-28).
6
Let x(w) = 1416*w - 36980. Determine x(26).
-164
Let r(v) = 52*v**2 - 1197*v + 47. What is r(23)?
24
Let n(k) = -2*k**3 + 10*k**2 - 65771*k + 328834. Calculate n(5).
-21
Let f(n) = 193*n**2 - 38021*n - 10. What is f(197)?
-10
Let p(o) = -4*o**2 - 723*o + 73131. Calculate p(-253).
14
Let f(x) = 789*x + 11096. Give f(-14).
50
Let q(t) = -283798*t + 1702789. Calculate q(6).
1
Let q(f) = -1371*f + 156196. Calculate q(114).
-98
Let i(s) = 381*s**2 - 6013*s + 24043. What is i(4)?
6087
Let m(x) = 699*x + 33621. What is m(-48)?
69
Let s(p) = -10396*p - 7100463. What is s(-683)?
5
Let i(a) = -a**3 + 7*a**2 + 292*a - 2218. Give i(7).
-174
Let p(i) = i**3 - 64*i**2 + 383*i + 93. Calculate p(7).
-19
Let o(r) = 12*r**2 + 392*r + 4074. Determine o(-11).
1214
Let w(y) = 2*y**3 - 991*y**2 - 173294*y + 1494. Calculate w(-137).
-13
Let y(w) = -26439*w - 132356. Give y(-5).
-161
Let l(p) = -8*p**2 - 1681*p - 13411. Determine l(-8).
-475
Let z(q) = q**3 + 234*q**2 + 2261*q + 4722. What is z(-224)?
18
Let n(k) = 102386*k - 2047710. What is n(20)?
10
Let u(l) = -2*l**3 - 78*l**2 - 202*l + 366. What is u(-36)?
-138
Let k(w) = -442*w + 2460. What is k(7)?
-634
Let w(r) = -2492*r - 14618. Give w(-6).
334
Let n(x) = x**3 - 410*x**2 + 15781*x + 22. Determine n(367).
22
Let b(c) = -c**3 + 75*c**2 - 196*c + 3675. What is b(73)?
25
Let g(x) = -x**2 - 525*x - 68224. Determine g(-283).
262
Let g(y) = 2470*y - 145718. Give g(59).
12
Let v(l) = -l**3 + 2*l**2 + 94*l - 40. Determine v(-9).
5
Let a(s) = s**3 + 1396*s**2 - 38590*s - 240491. Give a(-1423).
-4
Let t(g) = 583103*g + 3498630. Determine t(-6).
12
Let o(d) = d + 110. Determine o(-20).
90
Let a(j) = 1439*j - 93569. Give a(65).
-34
Let g(n) = 295*n - 6914. Calculate g(20).
-1014
Let q(g) = -g**3 - 40*g**2 - 534*g - 11108. What is q(-34)?
112
Let u(s) = 9000*s + 8849. What is u(-1)?
-151
Let w(c) = c**2 + 2540*c + 32766. Determine w(-13).
-85
Let z(f) = 5*f**2 + 1107*f + 61259. Determine z(-112).
-5
Let t(b) = -373*b - 10616. Give t(-28).
-172
Let q(v) = v**3 + 80*v**2 + 1921*v - 14622. Calculate q(6).
0
Let k(n) = -125*n**2 + 3015*n - 3016. Determine k(1).
-126
Let g(v) = 1111*v**2 - 154435*v + 828. Give g(139).
-6
Let s(a) = -127*a - 10599. What is s(-81)?
-312
Let t(n) = -n**3 - 7*n**2 + 237*n + 752. Determine t(-18).
50
Let v(y) = 9813*y + 2119612. Give v(-216).
4
Let n(r) = 39727*r - 198638. What is n(5)?
-3
Let l(z) = 3*z**2 - 151*z + 17. Determine l(53).
441
Let t(y) = y**3 - 238*y**2 + 1215*y - 11645. Calculate t(233).
5
Let z(a) = a**3 - 52*a**2 - 189*a + 23. Give z(55).
-1297
Let q(x) = -400*x - 596. Calculate q(-1).
-196
Let u(b) = 662*b**2 + 7943*b - 24. 